st common factor of x and 468?
52
Let j(v) = 11*v - 181. Let g be j(23). Calculate the greatest common divisor of 27 and g.
9
Let s = 1545 - 457. Calculate the highest common divisor of 34 and s.
34
Suppose -3*c - 156 + 6 = 0. Let r = c - -176. What is the highest common factor of 18 and r?
18
Let u be 3/15 - (0 - 120/25). Suppose h - u*p = 11 + 1, -2*h + 84 = 2*p. Calculate the greatest common factor of h and 37.
37
Suppose 74*d - 81*d = -231. What is the greatest common divisor of d and 66?
33
Let h be (8 - 12) + -2 + 11. Let r = -85 - -120. Calculate the highest common factor of h and r.
5
Let u = 15 + 9. Suppose -u = -2*c - 4. What is the greatest common divisor of 15 and c?
5
Let v(x) = -5*x**3 - 5*x**2 - 3*x - 5. Suppose 0*o = 9*o + 18. Let l be v(o). Calculate the highest common divisor of 84 and l.
21
Let h be (16/6 + -4)/((-16)/168). Suppose -28 = -n - p, n - p - 28 = -0. What is the highest common factor of n and h?
14
Let s = -497 - -509. Suppose 4*u = 3*a - 134 + 26, 4*a + u - 144 = 0. Calculate the greatest common divisor of s and a.
12
Suppose -2*f = -4*f + 156. Suppose 72*i - f*i = -72. Let g = 35 - 23. What is the greatest common divisor of g and i?
12
Let b = -750 - -828. What is the greatest common divisor of b and 663?
39
Let v = -266 - -276. Calculate the greatest common factor of v and 50.
10
Suppose 5*b - 5*u - 1270 = 0, -4*b = 2*u - 149 - 879. Suppose b = 4*o - 644. Calculate the highest common factor of 25 and o.
25
Suppose 0 = -9*v - 34 + 43. Calculate the greatest common factor of v and 17.
1
Suppose 47*y - 42*y - 580 = 0. Let j = y - 111. What is the highest common divisor of j and 45?
5
Let a = -19 - 41. Let v = -38 - a. Let c be v/4*(-8)/(-4). Calculate the highest common divisor of c and 44.
11
Let l be 9/(-3) + 0 - -175. Let m = 262 - 219. What is the greatest common divisor of m and l?
43
Suppose -8*g + 25 = -3*g. Suppose v + 0*t = -4*t + 3, t + 3 = -4*v. Let f be v*(-3)/(-6)*-2. Calculate the highest common factor of f and g.
1
Let p = -2571 - -2704. Calculate the greatest common divisor of p and 77.
7
Let o(r) = r**3 + 5*r**2 + 5*r + 6. Let k be o(-4). Let f = k - -7. Suppose f*l + 14 = 11*l. What is the greatest common divisor of 7 and l?
7
Let g(s) = -3*s - 10. Let v be g(-3). Let q = v - -26. What is the highest common factor of 5 and q?
5
Let p(j) = 5*j**3 - 57*j**2 + 23*j - 8. Let f be p(11). What is the greatest common factor of 114 and f?
3
Let d be 10/(-3)*(81/(-6) - 12). What is the highest common divisor of d and 119?
17
Let k = 289 + -72. Let m = k + -142. Calculate the greatest common factor of 30 and m.
15
Let z be (-1)/2 + 81/(-18) - -135. What is the greatest common factor of z and 52?
26
Suppose -4*l + 262 = 2*r, -4*r + 141 = 3*l - 68. Calculate the highest common factor of l and 21.
21
Let g(w) = -w**3 - 21*w**2 - 21*w + 12. Let s be g(-20). Calculate the greatest common factor of 20 and s.
4
Let c(p) = p**3 - 6*p**2 - 8*p + 3. Let n be c(6). Let v = n - -73. Calculate the highest common divisor of 112 and v.
28
Let f(s) = 16*s**2 - 2*s - 3. Let x be f(3). Let r = 397 - x. Suppose -37 - 163 = -4*y - 4*o, 5*y = o + r. What is the greatest common divisor of y and 26?
26
Let l(z) = -z**3 - 15*z**2 - z + 4. Let c(h) = 9*h + 3. Let d be c(-2). Let n be l(d). Let v = -12 + 31. What is the greatest common factor of v and n?
19
Let k = 12 + -6. Let u be 7 + 0 - (-28 - -24). Suppose 14*m - 9 = u*m. Calculate the greatest common divisor of m and k.
3
Let z = 193 + -101. Suppose g = 2*g - 4. Suppose g*x - 29 = 63. What is the highest common divisor of x and z?
23
Let k(l) = 2*l - 18. Let z be k(11). Suppose b + z*w + 16 = 3*b, -3*b + w = -39. Calculate the highest common factor of 112 and b.
14
Let u = -215 + 243. Calculate the greatest common factor of u and 116.
4
Let j = 51 - 66. Let g = j - -20. What is the greatest common factor of 2 and g?
1
Let k = -25 + 28. Suppose -v = 3*r - 3*v - 22, -v = -k*r + 20. Calculate the greatest common factor of 15 and r.
3
Let h(q) = -2*q**2 + 6*q - 8. Let p be h(3). Let k(o) = -2*o**2 - 18*o - 5. Let c be k(p). Calculate the greatest common divisor of 88 and c.
11
Let s(n) = -4*n**2 - 218*n - 107. Let q be s(-54). Calculate the highest common divisor of 43 and q.
1
Let a be ((-5 - -7) + -128)/(-2 - 0). Calculate the highest common factor of 9 and a.
9
Let v be ((-20)/15)/(2/(-3)). Let a = 8 - v. Let u(q) = 2*q + 8. Let i be u(8). What is the greatest common divisor of a and i?
6
Let p = 166 + 10. Let g(r) = -r**3 + 5*r**2 - 2*r + 4. Let t be g(3). What is the greatest common factor of p and t?
16
Suppose -430 = -o - 3*o - 5*m, 2*o - 226 = 3*m. Let q(b) = b + 10. Let v be (1 + -1)*(6 - 7). Let u be q(v). What is the highest common divisor of o and u?
10
Suppose -15*u = -12*u + 21. Let x = 9 + u. Calculate the highest common divisor of 12 and x.
2
Suppose -5*m + 69 = i, 5*m = 2*m + 2*i + 31. What is the greatest common factor of 221 and m?
13
Suppose 2331 = 4*v + 33*v. What is the greatest common divisor of 72 and v?
9
Let p be (-302)/(-2) - 0 - 0. Let x = p + 79. Calculate the highest common divisor of 23 and x.
23
Let f = -15316 + 15340. Suppose 4*g = 2*i + 94, 4*g - 101 = -0*i - 5*i. Calculate the highest common divisor of f and g.
24
Let l be ((-2)/4)/(7/(-28)). Suppose -2*o + l*r = 2*o - 222, -4*o + 5*r + 225 = 0. Let j be o - (3 - 5)/(-2). Calculate the highest common factor of j and 6.
6
Let p = 56 - 39. Let d be 2/(-8) + (-24024)/(-352). What is the greatest common factor of p and d?
17
Let s = -13 + 16. Suppose -8*r + 210 = -s*r. Calculate the highest common factor of r and 63.
21
Suppose 13*n - 3*n = 1150. Calculate the highest common divisor of 115 and n.
115
Let n(k) = -4*k**2 - 10*k - 13*k - 15*k + 5 - 9*k. Let c be n(-7). Calculate the greatest common divisor of c and 6.
6
Let y(o) be the first derivative of 11*o**2/2 + 2. Let g be y(9). Let h(r) = 4*r + 1. Let k be h(2). What is the greatest common divisor of k and g?
9
Let h(i) = 12*i**3 + 5*i**2 - 16*i + 14. Let f be h(1). What is the greatest common factor of f and 160?
5
Let n = 355 - -653. Calculate the highest common divisor of 63 and n.
63
Let b be (-220)/100*-5*7. What is the greatest common divisor of b and 49?
7
Suppose -206 = -7*t + 18. Suppose 4*i = -4*h + 360, -287 + 17 = -3*i + 2*h. Let r = -10 + i. What is the highest common divisor of r and t?
16
Suppose 2*z = -i + 13, -2*z + 4*i - 2 = -0. Suppose 0 = z*y - 234 - 811. What is the greatest common factor of y and 19?
19
Suppose p = -0*p + 4. Suppose p*k - 3 = 9. Suppose 13*l + 17 = 56. What is the greatest common divisor of l and k?
3
Let c be (3/(-9))/((-1)/3). Let u = 420 - 411. Calculate the highest common factor of u and c.
1
Let k be (-138)/(-7) + (-26)/(-91). Suppose -4*a = -2*a + w - k, 0 = a + 2*w - 13. Let y = 229 + -148. What is the highest common divisor of a and y?
9
Let b(w) be the first derivative of -w**4/4 + 5*w**3/3 + w**2 - 3*w - 21. Let l be b(5). What is the greatest common divisor of 3 and l?
1
Suppose 2*a - 30 - 74 = 0. Let l be 26/a*(813 - -1). What is the highest common factor of l and 37?
37
Let c(q) = -q**3 + 6*q**2 + 24*q + 27. Let r be c(8). Let p = 2 + 47. Let y = r - p. Calculate the highest common factor of y and 6.
6
Let m = -19 - -23. Let z be (3 - 4) + -2 + 3. Suppose 33 = t - h, -3*t + h + h + 94 = z. What is the highest common factor of t and m?
4
Suppose -4*q + 223 - 51 = 0. Suppose q = 2*r + 15. Calculate the greatest common factor of r and 70.
14
Let n = 1462 - 1432. Let m = -9 + 15. What is the highest common factor of m and n?
6
Suppose 145 = 4*n + 5*y, 7*n + 3*y = 4*n + 105. Calculate the greatest common factor of n and 210.
30
Suppose -u + 2 = -1. Suppose 0 = t - 5*o - 15, -2*t - u*t = -3*o - 53. What is the greatest common divisor of t and 5?
5
Let b = 25 - 17. Suppose -b*k = -3*k - 45. What is the greatest common factor of k and 63?
9
Suppose -48*h - 9216 = -80*h. What is the greatest common factor of h and 108?
36
Let r(m) = 2*m + 42. Let j be r(23). Let b be 92/(-36)*-3 + (-1)/(-3). What is the greatest common divisor of j and b?
8
Let h(f) = 16*f - 1. Let p be h(-1). Let m = 22 + p. Suppose -235 = -4*z - m*i, -4*z - 5*i = -z - 170. What is the greatest common divisor of z and 26?
13
Let 